ose 0 = -b + 3*y + 33, 3 = y - q. Is b a multiple of 11?
False
Does 10 divide -5 + 11 + -5 + (3 - 177)*-23?
False
Is 36 a factor of ((-16)/(-6) - 150/90)*8066?
False
Let h(y) = 14*y**3 + 29*y**2 + 65*y + 126. Let v(w) = -5*w**3 - 9*w**2 - 22*w - 43. Let n(s) = 4*h(s) + 11*v(s). Is 5 a factor of n(-11)?
False
Suppose -3*l - 54822 + 9214 = -5*w, 0 = -5*l + 20. Is 41 a factor of w?
False
Let x(p) = p**2 + 19*p + 47. Let n be x(-17). Suppose -n*q = -11*q - 138. Is q a multiple of 14?
False
Let t(w) = -20*w**2 - 3*w + 4. Let o be t(1). Let l = 77 - o. Does 48 divide l?
True
Let a(q) be the third derivative of 0*q + 5/12*q**4 + 1/120*q**6 - 5/3*q**3 + 32*q**2 + 0 + 11/60*q**5. Is a(-5) a multiple of 30?
True
Suppose 0 = -5*m - 3*j + 10690 + 58179, -5*j - 35 = 0. Does 64 divide m?
False
Suppose -2*l - 2*a + 24 = -7*a, 3*l - 78 = -3*a. Suppose -20*f + 3210 = 4*t - l*f, 1620 = 2*t - 4*f. Does 10 divide t?
True
Let k be (-2)/(-7) - 60/14. Let r(w) = -6*w + 6. Let c(i) = -i**2 - 3*i + 1. Let v(b) = -2*c(b) + r(b). Does 19 divide v(k)?
False
Let q(r) = 24*r - 20. Let h be q(3). Let u = h - 38. Is 10 a factor of u - (-8)/(8/(-4))?
True
Let d(w) = -w**2 + 4*w - 1. Let u be d(3). Suppose -u*n = -0 - 232. Suppose 5*c - n = c. Is c a multiple of 10?
False
Let h(v) = v**3 - 9*v**2 - 14*v - 2*v**3 - 120 + 121. Let i be h(-7). Is 13 a factor of i/(-4 + (-181)/(-45))?
False
Suppose -c + 39 = -2*a + 6*a, 2*c = -4*a + 34. Let k = -59 + a. Let j = -12 - k. Is j a multiple of 36?
True
Let z be (-1 + 0)*56/(-7). Suppose -171 = -z*i + 5*i. Let v = 15 + i. Is 24 a factor of v?
True
Suppose 46*u + 9570 = 5*p + 51*u, 6*p - 11512 = u. Is p a multiple of 10?
False
Let o(s) be the third derivative of s**5/20 + 5*s**4/8 - 23*s**3/6 + 35*s**2 - s. Does 14 divide o(13)?
False
Let z(n) = 59*n - 2443. Is 10 a factor of z(67)?
True
Suppose -4*j - 5*z = -5421, z = -38*j + 42*j - 5439. Is 26 a factor of j?
False
Suppose 6*z = 30, u = -z + 3824 + 2862. Is 51 a factor of u?
True
Let k(i) = -3*i + 1102*i**2 - 4 - 1061*i**2 + 6*i + 2*i. Is 6 a factor of k(1)?
True
Suppose -2*a = -62 - 202. Does 3 divide (a/10 + -6)*(-50)/(-3)?
True
Suppose 13 = -8*l + 61. Suppose -2*g + 7*t = l*t - 163, 0 = 3*g - t - 247. Does 21 divide g?
True
Let d be ((-12)/10)/2*-5. Let j = 296 - 294. Suppose -j*z + 5*v = -164, 0*z + d*v = -2*z + 148. Does 18 divide z?
False
Suppose -22*r = -26*r - 840. Let c = r - -515. Is c a multiple of 14?
False
Let h(l) = -336*l + 183. Does 14 divide h(-4)?
False
Suppose 12*w = 11*w - 165. Let o = w + 288. Suppose 3*x - 158 = i, o = 4*x + 3*i - 79. Is 13 a factor of x?
True
Suppose t = -0*t + 5. Let v = -248 - -250. Suppose -t*x - v*x = -77. Is x a multiple of 8?
False
Suppose 2 + 54 = -t. Is -55 - t - (1 - 184) a multiple of 4?
True
Let m be 4/(-18) - 4/(-18). Suppose m = -0*r + r. Suppose r*f + 3*f - 81 = 0. Is 3 a factor of f?
True
Suppose -33 = -u - 3*w, -u + 11*w - 8*w + 27 = 0. Suppose -32*y = -u*y - 250. Is 5 a factor of y?
True
Let l = -8744 - -10910. Does 19 divide l?
True
Let q(d) = -4*d + 106. Let p be 18/(2 + 0)*16/6. Is q(p) even?
True
Suppose -s + 5*d + 18552 + 5927 = 0, 3*d - 48984 = -2*s. Does 27 divide s?
True
Suppose 3*k - 750 = 4*q + q, -3*q = -3*k + 756. Let h = k - 139. Let v = h + 19. Does 15 divide v?
True
Let z = -187 + -90. Let o = 374 + z. Is o a multiple of 3?
False
Suppose 17*p - 8*p = 27. Is 35 a factor of -850*(-3 - (p - 11/2))?
False
Suppose -40*j + 35*j = -8160. Suppose 67*b - 59*b = j. Is b a multiple of 12?
True
Suppose 72 = 21*t - 3*t. Suppose -3*w - 284 = 16*z - 20*z, -z - t*w = -52. Is z a multiple of 22?
False
Is -24*(-16 - (-7240)/(-64)) a multiple of 6?
False
Let k(r) = 12*r**3 - 162 + 10*r - 8*r**2 - 20*r**3 - 21*r + 7*r**3. Is 68 a factor of k(-13)?
False
Let n(s) = -4384*s - 240. Is 104 a factor of n(-2)?
True
Let a = -29412 + 41460. Is 12 a factor of a?
True
Suppose -4*q + 2*b + 59298 = 0, -14838 = -28*q + 27*q - 4*b. Does 208 divide q?
False
Let q(s) = -32*s**3 - 29*s**2 + 13*s + 64. Does 14 divide q(-4)?
True
Suppose 3*q + 2*q = 2*q. Suppose 0 = y + 5, 2*p + 2*y + 29 + 7 = q. Let z(c) = -c**3 - 11*c**2 + 20*c + 10. Does 13 divide z(p)?
False
Let k(d) = d**3 - 3*d**2 + 2*d - 2. Let s be ((-1)/(-3))/(5/135). Suppose 0 = -v - 3*m + 7, s = v + 5*m. Is 22 a factor of k(v)?
True
Suppose -4*o = -9*o + 20. Suppose -5*y + 2*x - 94 = -9*y, 3*x - 21 = -y. Suppose l - 3 = -2*b + 3, -3*l - o*b + y = 0. Is 6 a factor of l?
True
Let l(g) = -g**2 + 7*g - 6. Let z(u) = 3. Let o(i) = 7. Let k(y) = -2*o(y) + 5*z(y). Let r(j) = 2*k(j) - l(j). Does 19 divide r(9)?
False
Suppose 78*h - 646311 = 1707963. Is 78 a factor of h?
False
Let l(f) = f**2 - 13*f - 163. Let c be l(21). Suppose c*t - s - 3048 = 77, t = s + 621. Is 12 a factor of t?
False
Let j(g) = -g**3 - 8*g**2 - 4*g - 28. Let a be j(-8). Suppose -611 = a*v - 17*v. Is v a multiple of 3?
False
Suppose -3*u - 45 = -3*p, 5*u - 3*p - 3 = -68. Let n(b) = -9*b + 166. Is n(u) a multiple of 32?
True
Suppose -3*m - 2 = -o + 3, 0 = -3*o - 2*m + 4. Suppose -f = o*l - 1404, 3*l = -2*l - 3*f + 3512. Is l a multiple of 28?
True
Suppose -2*v = -11*p + 14*p - 4520, 4*v + p - 9020 = 0. Is v a multiple of 10?
False
Suppose -j - 4*d = -7276, 15*d - 10*d - 5 = 0. Suppose 77*c + j = 83*c. Does 75 divide c?
False
Suppose 3*s - 2*w = -454, 3*s - 2*w = 4*s + 154. Let o = s - -256. Does 8 divide o?
True
Let l be ((-1)/(-2))/(-3*2/(-36)). Suppose o + 2*y = 26, 5*y = -6*o + l*o + 78. Is o a multiple of 4?
False
Suppose 2*c + 5*r = 29095, 4*r + 14593 = -459*c + 460*c. Is c a multiple of 13?
False
Let k = 421 - 421. Suppose 3*s = -0*s + 15. Suppose 0 = o, -2*q + k*o + 128 = -s*o. Is 16 a factor of q?
True
Suppose -2*y + 102 = 4*h, -104*h + 71 = -101*h - 4*y. Let t(q) = -q**2 + 128. Let w be t(0). Let m = w + h. Does 46 divide m?
False
Let z(j) = 8*j + 22. Let w(x) = -6*x - 32. Let s(h) = 5*w(h) + 6*z(h). Let v(a) = a**3 + 12*a**2 - 2*a - 8. Let d be v(-12). Does 24 divide s(d)?
False
Let m(f) = -f**3 + 8*f**2 - 18*f + 56. Let j = 50 - 44. Is m(j) a multiple of 2?
True
Let p(m) be the first derivative of 30*m - 1/2*m**4 + 12*m**2 + 49/3*m**3 + 18. Does 2 divide p(25)?
False
Suppose 4*g - 30*y + 28*y - 82 = 0, 5*g - 105 = 3*y. Let m(d) = 14*d + 168. Is 35 a factor of m(g)?
True
Let j be -3 + 0 + (211 - 8 - 3). Suppose -j + 1523 = 13*o. Is o a multiple of 27?
False
Suppose 0 = h - 0*h - 4*r + 33, -h + 5*r - 33 = 0. Let o = 160 - h. Suppose -2*i + 3*i - o = 0. Is 12 a factor of i?
False
Let m = 410 - 1130. Let r = -243 - m. Does 11 divide r?
False
Suppose -a - 13 = -2*z, z - 57 = 3*a - 38. Suppose 0 = 3*y + l - 133, -2*y - 2*l = -z*l - 78. Is 43 a factor of y?
True
Suppose -20 = 4*n, -4*a + 5*n + 9 = -28. Let c be ((-1668)/(-30))/(a/30). Suppose -4*p + c = -2*l, 5*p + 2*l - 696 = 4*l. Is p a multiple of 7?
True
Let h(v) = -75*v + 38. Let o be 19/(-4) + 24/(-96). Is h(o) a multiple of 14?
False
Let d(r) = -r**3 - 16*r**2 + 17*r + 3. Let a be d(-17). Suppose 0 = -2*t + i - a, -2*i = t + 4*t + 12. Does 21 divide 83 - (-12)/(1 - t)?
False
Let r = 835 + -828. Let l(x) = -67*x + 5. Let y be l(-5). Suppose 2*c + y = r*c. Does 21 divide c?
False
Suppose 4*c - 2604 = 1332. Suppose 167*i + c = 169*i. Is 12 a factor of i?
True
Let q(z) = -z**2 + 208*z + 9294. Does 10 divide q(-36)?
True
Let d(l) = l**2 - 7*l + 7. Suppose -4*s = -12, 0 = -4*i - 13*s + 8*s + 15. Suppose i = 3*f + 7*f - 100. Does 7 divide d(f)?
False
Let y(j) = -56*j**3 - 2*j**2 - j. Let d = -72 + 85. Suppose -4*a - d = -b + 2, -4*b - 5*a = 24. Is y(b) a multiple of 5?
True
Suppose -3*k = 2*s - 31 - 62, 3*s - 4*k = 114. Suppose 0 = -29*o + s*o - 5317. Is 11 a factor of o?
False
Suppose -4*m + 2401 = -5*i - 0*m, -2*m = 3*i + 1423. Suppose 0 = -p - r + 86 + 624, -4*r + 1426 = 2*p. Let h = p + i. Is 23 a factor of h?
True
Suppose m - 389 = -4*q + 1319, 3*q - 3*m - 1281 = 0. Let z = -277 + q. Let t = -113 + z. Is 14 a factor of t?
False
Let o(m) = -15*m**2 - 34*m - 221. Let u(n) = -7*n**2 - 18*n - 111. Let s(w) = 2*o(w) - 5*u(w). Is 56 a factor of s(-13)?
True
Suppose 20 = -3*y + 7*y. Is -24*y/(-15) + 150 a multiple of 14?
False
Suppose 0 = -x - o + 4*o + 2, 4*x - 4*o = -8. Is 26 a factor of x/(-10) - (-36380)/50?
True
Suppose 23*z + 4443878 = 87*z + 22*z. Does 130 divide z?
F